
Calculate the remainder when 34666 is divided by 34.
20
Calculate the remainder when 1084334 is divided by 15.
14
Calculate the remainder when 918 is divided by 153.
0
Calculate the remainder when 6803 is divided by 456.
419
Calculate the remainder when 68182 is divided by 4261.
6
What is the remainder when 6675 is divided by 1126?
1045
Calculate the remainder when 506 is divided by 224.
58
What is the remainder when 8545 is divided by 31?
20
What is the remainder when 388252 is divided by 429?
7
What is the remainder when 94719 is divided by 45?
39
What is the remainder when 117928 is divided by 22?
8
Calculate the remainder when 1133 is divided by 1000.
133
Calculate the remainder when 4751 is divided by 89.
34
What is the remainder when 30264 is divided by 12?
0
What is the remainder when 35303 is divided by 490?
23
What is the remainder when 5466 is divided by 166?
154
What is the remainder when 34261 is divided by 265?
76
What is the remainder when 59835 is divided by 6638?
93
Calculate the remainder when 14421 is divided by 1802.
5
Calculate the remainder when 2004 is divided by 18.
6
What is the remainder when 133981 is divided by 24?
13
What is the remainder when 4566 is divided by 27?
3
Calculate the remainder when 136635 is divided by 1051.
5
Calculate the remainder when 290 is divided by 54.
20
Calculate the remainder when 484 is divided by 471.
13
Calculate the remainder when 4653 is divided by 709.
399
What is the remainder when 25953 is divided by 95?
18
What is the remainder when 68310 is divided by 48?
6
What is the remainder when 39622 is divided by 119?
114
Calculate the remainder when 6637 is divided by 16.
13
Calculate the remainder when 67047 is divided by 447.
444
What is the remainder when 445355 is divided by 380?
375
What is the remainder when 146667 is divided by 73327?
13
What is the remainder when 84577 is divided by 243?
13
Calculate the remainder when 26841 is divided by 3819.
108
What is the remainder when 119541 is divided by 173?
171
What is the remainder when 719112 is divided by 18?
12
Calculate the remainder when 207024 is divided by 91.
90
Calculate the remainder when 385691 is divided by 3976.
19
Calculate the remainder when 2455892 is divided by 161.
159
What is the remainder when 44893 is divided by 832?
797
What is the remainder when 97722 is divided by 7516?
14
Calculate the remainder when 15858 is divided by 3171.
3
What is the remainder when 16095 is divided by 200?
95
Calculate the remainder when 226298 is divided by 2263.
2261
What is the remainder when 1465749 is divided by 1256?
1253
Calculate the remainder when 1634 is divided by 29.
10
What is the remainder when 9636 is divided by 247?
3
Calculate the remainder when 9850 is divided by 681.
316
What is the remainder when 18166 is divided by 1195?
241
Calculate the remainder when 54120 is divided by 17.
9
Calculate the remainder when 20824 is divided by 1728.
88
Calculate the remainder when 27332 is divided by 255.
47
What is the remainder when 32881 is divided by 8220?
1
What is the remainder when 16101 is divided by 3219?
6
What is the remainder when 17823 is divided by 32?
31
Calculate the remainder when 24357 is divided by 151.
46
What is the remainder when 3121 is divided by 82?
5
What is the remainder when 2624 is divided by 2570?
54
What is the remainder when 21787 is divided by 4356?
7
Calculate the remainder when 24667 is divided by 8206.
49
What is the remainder when 3329 is divided by 96?
65
What is the remainder when 33554 is divided by 11181?
11
Calculate the remainder when 7026 is divided by 1002.
12
Calculate the remainder when 1498 is divided by 75.
73
Calculate the remainder when 3107 is divided by 2804.
303
What is the remainder when 39441 is divided by 114?
111
Calculate the remainder when 58279 is divided by 248.
247
What is the remainder when 874 is divided by 245?
139
What is the remainder when 1565277 is divided by 96?
93
Calculate the remainder when 46398 is divided by 58.
56
Calculate the remainder when 802371 is divided by 58.
57
Calculate the remainder when 260783 is divided by 24.
23
What is the remainder when 226973 is divided by 56738?
21
What is the remainder when 62369 is divided by 189?
188
Calculate the remainder when 235481 is divided by 38.
33
Calculate the remainder when 6634 is divided by 180.
154
What is the remainder when 1289294 is divided by 21?
20
Calculate the remainder when 2810 is divided by 87.
26
Calculate the remainder when 2412408 is divided by 55.
53
What is the remainder when 16235 is divided by 9?
8
What is the remainder when 1635 is divided by 814?
7
Calculate the remainder when 7606478 is divided by 85.
83
Calculate the remainder when 1638 is divided by 1133.
505
Calculate the remainder when 3009 is divided by 233.
213
What is the remainder when 192702 is divided by 271?
21
What is the remainder when 12417 is divided by 3103?
5
What is the remainder when 649 is divided by 8?
1
Calculate the remainder when 24850 is divided by 154.
56
Calculate the remainder when 64445 is divided by 16.
13
Calculate the remainder when 1586 is divided by 514.
44
Calculate the remainder when 27773 is divided by 25.
23
What is the remainder when 7733 is divided by 158?
149
What is the remainder when 15114 is divided by 3766?
50
Calculate the remainder when 251820 is divided by 38.
32
What is the remainder when 526146 is divided by 19?
17
What is the remainder when 27168 is divided by 247?
245
What is the remainder when 596117 is divided by 56?
53
What is the remainder when 347 is divided by 21?
11
What is the remainder when 1746 is divided by 228?
150
What is the remainder when 7001 is divided by 159?
5
Calculate the remainder when 6209 is divided by 2840.
529
What is the remainder when 535610 is divided by 62?
54
What is the remainder when 248919 is divided by 49?
48
What is the remainder when 4354 is divided by 2104?
146
What is the remainder when 5051 is divided by 41?
8
Calculate the remainder when 138710 is divided by 83.
17
Calculate the remainder when 9514 is divided by 397.
383
What is the remainder when 99533 is divided by 14217?
14
Calculate the remainder when 40023 is divided by 7999.
28
What is the remainder when 1655 is divided by 184?
183
What is the remainder when 664 is divided by 352?
312
Calculate the remainder when 953527 is divided by 395.
392
What is the remainder when 16986 is divided by 118?
112
What is the remainder when 973349 is divided by 945?
944
Calculate the remainder when 1845 is divided by 65.
25
Calculate the remainder when 4721 is divided by 194.
65
Calculate the remainder when 13248 is divided by 6624.
0
What is the remainder when 123657 is divided by 40?
17
Calculate the remainder when 6607 is divided by 208.
159
Calculate the remainder when 18495 is divided by 2153.
1271
What is the remainder when 40164 is divided by 57?
36
Calculate the remainder when 451819 is divided by 44.
27
What is the remainder when 1742 is divided by 291?
287
What is the remainder when 40386 is divided by 291?
228
Calculate the remainder when 4587 is divided by 34.
31
What is the remainder when 3893 is divided by 3881?
12
Calculate the remainder when 1389 is divided by 77.
3
What is the remainder when 1707 is divided by 777?
153
What is the remainder when 54925 is divided by 2889?
34
Calculate the remainder when 24454 is divided by 73.
72
What is the remainder when 881654 is divided by 49?
46
Calculate the remainder when 902 is divided by 525.
377
What is the remainder when 758 is divided by 210?
128
What is the remainder when 11190 is divided by 755?
620
What is the remainder when 7198974 is divided by 101?
98
Calculate the remainder when 11179 is divided by 533.
519
What is the remainder when 4029 is divided by 1956?
117
Calculate the remainder when 485295 is divided by 198.
195
What is the remainder when 62473 is divided by 49?
47
Calculate the remainder when 19574 is divided by 6521.
11
What is the remainder when 2644 is divided by 813?
205
Calculate the remainder when 622820 is divided by 17.
8
Calculate the remainder when 284 is divided by 123.
38
Calculate the remainder when 255272 is divided by 1.
0
Calculate the remainder when 3847 is divided by 148.
147
Calculate the remainder when 34742